n divisor of 66 and l?
22
Suppose -123 = -31*f - 15344. Let t = 590 + f. What is the highest common divisor of 9 and t?
9
Let r be (-56)/3 + 18/27. Let c be (3834/(-243))/(2/r). What is the greatest common divisor of c and 355?
71
Suppose 7994 = -12*z + 15628 + 10126. What is the greatest common divisor of z and 30?
10
Suppose -5*l + 10*l - 259 = -3*m, 185 = 4*l - 5*m. Suppose i + 4*i + 3*t - l = 0, i + 3*t - 22 = 0. What is the greatest common factor of i and 175?
7
Let s be -15*2*3/(-2). Let p be 0 - -9*(-6)/s*-5. What is the highest common divisor of p and 3?
3
Let y = -1204 - -801. Let a = y + 415. Calculate the highest common factor of 960 and a.
12
Suppose s + 0*s - 257 = 172. Calculate the greatest common divisor of s and 231.
33
Suppose 5 + 7 = 4*d. Suppose 4 = 4*l + 4*y, d*y - 5 = 5*l - 34. Let w be 639/4 + 1/l. Calculate the greatest common divisor of 32 and w.
32
Suppose 2*g + 2*x = 92, 0 = -633*g + 634*g + 5*x - 62. Calculate the greatest common factor of 4284 and g.
42
Suppose t - 323 = -2*z, -437 = 4*z + t - 1080. Suppose 100*b + 2890 = 530*b + 740. What is the greatest common factor of z and b?
5
Suppose 10*m - 5*m = -20, -3*f = -5*m + 757. Let i = 333 + f. What is the greatest common divisor of i and 259?
37
Suppose 0 = -7*v + 6*v - 4*p + 311, v - 3*p - 318 = 0. Let c be (-1 - -252) + ((-12)/3)/(-4). What is the highest common factor of c and v?
63
Let g = -6162 + 10914. What is the highest common factor of 352 and g?
176
Suppose 24*b = -41*b + 195. Let y be (-2)/(-12)*2*3. Let u be 16/(5 - y) - -23. Calculate the highest common factor of b and u.
3
Suppose 0 = 59*w - 25*w - 2040. What is the greatest common factor of w and 60?
60
Let l = 3894 + -3873. Calculate the greatest common factor of l and 3024.
21
Let y(o) = -2*o**3 + 108*o**2 - 111*o - 1265. Let s be y(47). What is the highest common divisor of 28 and s?
28
Suppose 3*n - 75 = -3*f, 0*f - 3*n - 25 = -f. Suppose f*h - 31*h = -468. Calculate the highest common divisor of 195 and h.
39
Let n(v) = 2*v**3 - 108*v**2 + 103*v + 289. Let h be n(53). Calculate the highest common factor of 7280 and h.
130
Suppose 0*n = 2*n - 20. Suppose -2*a = -80 + 92. Let d be 1416/18 - 8/a. Calculate the greatest common divisor of d and n.
10
Suppose 3*r = -q - 4*q + 2476, -3*r - 2464 = -5*q. Let n = -380 - -401. Let p = q - n. Calculate the highest common factor of 43 and p.
43
Suppose -p + 44 = -4*j, -6*p = -7*p + 2*j + 40. What is the highest common factor of 64 and p?
4
Let x be (56/(-35))/(24/(-60)). Suppose 2*r - 5*n = 88, -x*r = -3*r + 4*n - 70. Calculate the highest common divisor of 630 and r.
18
Let r = -18 - -29. Let s = -26911 + 27197. Calculate the greatest common divisor of s and r.
11
Suppose 4*g + 3*m = 598, 3*g - 3*m + 707 = 1187. What is the highest common divisor of 242 and g?
22
Let f = -131883 + 131886. Let r be 2/(-11) + (-893)/(-11). What is the highest common factor of r and f?
3
Let g be (-68)/(-102) - (-462)/9. What is the greatest common factor of 64 and g?
4
Let y(m) = 86*m + 3236. Let s be y(-26). Calculate the greatest common divisor of s and 360.
40
Suppose -32*a - 752 = -48. Let k(x) = -x**3 - 25*x**2 - 66*x + 8. Let t be k(a). What is the highest common divisor of t and 1152?
8
Let p(c) = c**2 + 3*c + 7. Let z be p(-3). Suppose 5*t + z + 24 = k, 3*t = k - 25. Suppose k*q = 90 + 70. What is the highest common factor of 150 and q?
10
Let m be (-20)/(-12) + (-24180)/(-45). Let x = -31 - -80. What is the highest common factor of x and m?
49
Suppose 5*z - 11 - 14 = 0. Suppose z*q - 44 = q. Suppose 0 = -3*r - 61 + 58, -4*d = r - 43. What is the highest common factor of q and d?
11
Let x be (85 - 158)/((-1)/41). Suppose 721 = -4*j + x. Calculate the greatest common factor of j and 8.
8
Let b(j) = 61*j + 41. Let u be b(-2). Let w be 4 - (u/(-108) + (-422)/8). Calculate the greatest common divisor of w and 70.
14
Let k(t) = -2*t**2 - 7*t + 15. Let s be k(0). Calculate the greatest common factor of s and 3585.
15
Let m = -6777 - -6795. Calculate the greatest common divisor of m and 2658.
6
Suppose -5*w - 17 = -d, -10 = -3*d + 4*w + 8. Suppose 5 = -d*s + 29. Let a = -10 + 22. Calculate the highest common factor of s and a.
12
Let b be ((-20160)/42)/(3/(-1)). What is the greatest common factor of b and 23?
1
Suppose 0 = k - 48 - 84. Let i = -1992 + 2016. Calculate the highest common factor of k and i.
12
Let f = -3655 - 1139. Let s be 4/(-14) + f/(-119). Calculate the greatest common factor of 90 and s.
10
Let w be 3*(-5 + (-1348)/(-14)*(-1792)/(-96)). What is the greatest common divisor of 19 and w?
19
Let n(w) be the first derivative of w**2/2 - 8*w - 17. Let s be n(5). Let v be 23 + 4 + -1 + 15/s. Calculate the highest common divisor of v and 14.
7
Suppose -1718 = -2*b + 5*g, 61*b - 59*b + 2*g - 1746 = 0. What is the greatest common factor of 33 and b?
11
Suppose -23*y + 619 = 504. Suppose n - 20 = -3*n. What is the highest common factor of y and n?
5
Let i(n) = -n**2 - 5*n + 725. Let m be i(17). What is the greatest common divisor of m and 312?
39
Let q(z) = -59*z + 143. Let x be q(-7). Calculate the highest common factor of x and 1251.
139
Let t(o) = -4*o**2 - 34*o + 54. Let b be t(-9). Let u(n) = 10*n - 58. Let s be u(13). What is the highest common factor of b and s?
36
Let j(h) = 116*h - 10. Let a be j(-2). Let i = 260 + a. What is the highest common factor of 126 and i?
18
Let r = -169 + 174. Suppose c + 0*k + 5*k = 38, r*c - 282 = -2*k. Calculate the highest common factor of 145 and c.
29
Suppose -6 = 5*d + 2*f - 198, -3*d + 5*f = -140. Suppose 1611 = -15*g + 6411. Calculate the highest common divisor of g and d.
40
Suppose 5*x = 5*h + 6*x - 5629, 4*h - 9*x = 4464. What is the highest common divisor of 36 and h?
9
Suppose -13373*z + 180 = -13369*z. What is the greatest common factor of z and 50940?
45
Let z = 27 + 93. Suppose -r = -c - 9, -8*r + 2*c = -13*r + 10. Suppose -4*w = -i, r*i - 7 - 26 = 5*w. What is the highest common factor of z and i?
12
Let j = 257 + -114. Suppose 2*c = -3*a + j, -136 = -3*c - a + 61. Suppose 40 = 5*f - 40. What is the highest common divisor of f and c?
16
Suppose 5*z - 23395 = -5*n, 4*n + 21010 = 4*z + 2350. Calculate the highest common divisor of 96 and z.
32
Let u(l) be the second derivative of 41*l**3/6 - 9*l**2/2 - 16*l. Let q be u(2). Let b = q - 34. What is the greatest common divisor of b and 26?
13
Let h = 12620 + -12161. What is the highest common factor of 187 and h?
17
Suppose -133330 = -141*v + 217055. What is the greatest common divisor of 14 and v?
7
Let r = 657 - 656. Let q be (-30 - 86)/(-3 + r). Calculate the highest common divisor of q and 10.
2
Suppose -4*r + 2*o + 10160 = 0, r - 72*o = -70*o + 2528. What is the highest common factor of r and 5406?
318
Let l be (1152/(-10))/((-3)/30). Let h = 66907 + -66859. Calculate the greatest common factor of h and l.
48
Let p be (-2382)/5558 + (40280/21 - 2/(-6)). What is the greatest common divisor of 98 and p?
14
Let h = 33775 - -19215. Calculate the highest common divisor of 35 and h.
35
Suppose -2*x + 186 = z - 118, -5*x = -z + 276. What is the greatest common factor of 333 and z?
37
Let n(j) = -j**2 - 62*j + 12. Let s be n(0). Calculate the highest common factor of 10 and s.
2
Suppose -19*s + 542 = -136 - 576. What is the highest common divisor of s and 324?
6
Let x be (-4)/3*36/(-24). Let t be (-7)/14 + 109/x. Suppose 0 = 3*g - 72 - 333. What is the greatest common divisor of g and t?
27
Suppose -28 = -5*z + 222. What is the highest common factor of z and 175?
25
Suppose -5*u = 2*s - 67, -336 = s - u - 366. Calculate the highest common divisor of s and 403.
31
Let q = -77 + 58. Let l(o) = -2*o**2 - 38*o + 11. Let w be l(q). Calculate the highest common divisor of 2 and w.
1
Let w be (-1 - 3) + (-3 - -2 - -1) - -1866. Calculate the greatest common factor of 7 and w.
7
Let c be ((896400/(-28))/27)/(1 - 8/7). Calculate the greatest common divisor of c and 498.
166
Let x = 540 - 538. Suppose 5*a - 515 = -o, -a = -0*a - x*o - 114. What is the greatest common factor of a and 8?
8
Let o(v) = 227*v + 3865. Let x be o(-17). What is the greatest common divisor of 42 and x?
6
Let h = 175 + -169. Calculate the highest common divisor of h and 834.
6
Suppose -48*p + 43*p - 154